{"id":11,"date":"2024-11-12T00:01:32","date_gmt":"2024-11-11T23:01:32","guid":{"rendered":"https:\/\/kraftwege.de\/?page_id=11"},"modified":"2026-04-24T15:42:37","modified_gmt":"2026-04-24T13:42:37","slug":"beratung","status":"publish","type":"page","link":"https:\/\/kraftwege.de\/?page_id=11","title":{"rendered":"Beratung"},"content":{"rendered":"\n<div class=\"wp-block-group alignfull has-accent-background-color has-background has-global-padding is-layout-constrained wp-container-core-group-is-layout-669513ed wp-block-group-is-layout-constrained\" style=\"margin-top:0;margin-bottom:0;padding-top:var(--wp--preset--spacing--50);padding-right:var(--wp--preset--spacing--50);padding-bottom:var(--wp--preset--spacing--50);padding-left:var(--wp--preset--spacing--50)\">\n<div class=\"wp-block-columns alignwide is-layout-flex wp-container-core-columns-is-layout-1da03c2a wp-block-columns-is-layout-flex\">\n<div class=\"wp-block-column is-vertically-aligned-stretch is-layout-flow wp-block-column-is-layout-flow\" style=\"flex-basis:50%\">\n<div class=\"wp-block-group is-vertical is-content-justification-stretch is-layout-flex wp-container-core-group-is-layout-444d5ee8 wp-block-group-is-layout-flex\" style=\"min-height:100%\">\n<p class=\"has-heading-font-family has-x-large-font-size\" style=\"line-height:1.2\">Systemische Beratung<\/p>\n\n\n\n<p>Die l\u00f6sungsorientierte systemische Beratung geht davon aus, dass die Klientin die L\u00f6sung f\u00fcr ihr Thema bereits in sich tr\u00e4gt. In der Beratung wird diese L\u00f6sung nicht von au\u00dfen vorgegeben, sondern durch gezielte Methoden sichtbar gemacht und ins Bewusstsein geholt.<\/p>\n<\/div>\n<\/div>\n\n\n\n<div class=\"wp-block-column is-vertically-aligned-center is-layout-flow wp-block-column-is-layout-flow\" style=\"flex-basis:50%\">\n<figure class=\"wp-block-image size-full is-style-rounded is-style-rounded--1\"><img loading=\"lazy\" decoding=\"async\" width=\"2560\" height=\"1707\" src=\"https:\/\/kraftwege.de\/wp-content\/uploads\/2026\/04\/christian-wiediger-ZgWQ3uj6ckY-unsplash-scaled.jpg\" alt=\"\" class=\"wp-image-127\" style=\"aspect-ratio:1.7777777777777777;object-fit:cover\" srcset=\"https:\/\/kraftwege.de\/wp-content\/uploads\/2026\/04\/christian-wiediger-ZgWQ3uj6ckY-unsplash-scaled.jpg 2560w, https:\/\/kraftwege.de\/wp-content\/uploads\/2026\/04\/christian-wiediger-ZgWQ3uj6ckY-unsplash-300x200.jpg 300w, https:\/\/kraftwege.de\/wp-content\/uploads\/2026\/04\/christian-wiediger-ZgWQ3uj6ckY-unsplash-1024x683.jpg 1024w, https:\/\/kraftwege.de\/wp-content\/uploads\/2026\/04\/christian-wiediger-ZgWQ3uj6ckY-unsplash-768x512.jpg 768w, https:\/\/kraftwege.de\/wp-content\/uploads\/2026\/04\/christian-wiediger-ZgWQ3uj6ckY-unsplash-1536x1024.jpg 1536w, https:\/\/kraftwege.de\/wp-content\/uploads\/2026\/04\/christian-wiediger-ZgWQ3uj6ckY-unsplash-2048x1365.jpg 2048w\" sizes=\"auto, (max-width: 2560px) 100vw, 2560px\" \/><\/figure>\n<\/div>\n<\/div>\n<\/div>\n\n\n\n<div class=\"wp-block-group alignfull has-base-background-color has-background has-global-padding is-layout-constrained wp-container-core-group-is-layout-d89aad35 wp-block-group-is-layout-constrained\" style=\"margin-top:0;margin-bottom:0;padding-top:var(--wp--preset--spacing--50);padding-right:var(--wp--preset--spacing--50);padding-bottom:var(--wp--preset--spacing--50);padding-left:var(--wp--preset--spacing--50)\">\n<div class=\"wp-block-columns alignwide is-layout-flex wp-container-core-columns-is-layout-549b0c86 wp-block-columns-is-layout-flex\">\n<div class=\"wp-block-column has-global-padding is-content-justification-left is-layout-constrained wp-container-core-column-is-layout-4f15e8fe wp-block-column-is-layout-constrained\" style=\"flex-basis:40%\">\n<p>Durch den angesto\u00dfenen Perspektivwechsel entsteht ein innerer Prozess, der nachhaltige Ver\u00e4nderung erm\u00f6glichen kann.<\/p>\n<\/div>\n\n\n\n<div class=\"wp-block-column is-layout-flow wp-container-core-column-is-layout-119bc444 wp-block-column-is-layout-flow\" style=\"flex-basis:60%\">\n<p class=\"has-heading-font-family has-x-large-font-size\" style=\"line-height:1.2\">So arbeite ich<\/p>\n\n\n\n<div class=\"wp-block-columns is-layout-flex wp-container-core-columns-is-layout-87beb0d0 wp-block-columns-is-layout-flex\">\n<div class=\"wp-block-column is-layout-flow wp-block-column-is-layout-flow\">\n<p class=\"wp-container-content-9cfa9a5a\">Im Mittelpunkt meiner Arbeit stehen nicht Defizite, sondern St\u00e4rken, Ressourcen und die bisherigen Wege, mit Herausforderungen umzugehen. <\/p>\n<\/div>\n\n\n\n<div class=\"wp-block-column is-layout-flow wp-block-column-is-layout-flow\">\n<p>Es geht nicht darum, Probleme zu \u00fcbergehen oder \u201epositiv zu \u00fcberdecken\u201c, sondern darum, einen neuen Blick auf die eigene Situation zu gewinnen und daraus passende n\u00e4chste Schritte zu entwickeln.<\/p>\n<\/div>\n<\/div>\n<\/div>\n<\/div>\n<\/div>\n\n\n\n<div class=\"wp-block-group alignfull has-accent-5-background-color has-background has-global-padding is-layout-constrained wp-container-core-group-is-layout-d89aad35 wp-block-group-is-layout-constrained\" style=\"margin-top:0;margin-bottom:0;padding-top:var(--wp--preset--spacing--50);padding-right:var(--wp--preset--spacing--50);padding-bottom:var(--wp--preset--spacing--50);padding-left:var(--wp--preset--spacing--50)\">\n<div class=\"wp-block-columns alignwide is-layout-flex wp-container-core-columns-is-layout-1da03c2a wp-block-columns-is-layout-flex\">\n<div class=\"wp-block-column is-vertically-aligned-center is-layout-flow wp-block-column-is-layout-flow\" style=\"flex-basis:60%\">\n<figure class=\"wp-block-image size-full is-style-rounded wp-duotone-unset-3 is-style-rounded--2\"><img loading=\"lazy\" decoding=\"async\" width=\"2560\" height=\"1600\" src=\"https:\/\/kraftwege.de\/wp-content\/uploads\/2026\/04\/anisur-rahman-K2b7UDed6uQ-unsplash.jpg\" alt=\"\" class=\"wp-image-129\" style=\"aspect-ratio:4\/3;object-fit:cover\" srcset=\"https:\/\/kraftwege.de\/wp-content\/uploads\/2026\/04\/anisur-rahman-K2b7UDed6uQ-unsplash.jpg 2560w, https:\/\/kraftwege.de\/wp-content\/uploads\/2026\/04\/anisur-rahman-K2b7UDed6uQ-unsplash-300x188.jpg 300w, https:\/\/kraftwege.de\/wp-content\/uploads\/2026\/04\/anisur-rahman-K2b7UDed6uQ-unsplash-1024x640.jpg 1024w, https:\/\/kraftwege.de\/wp-content\/uploads\/2026\/04\/anisur-rahman-K2b7UDed6uQ-unsplash-768x480.jpg 768w, https:\/\/kraftwege.de\/wp-content\/uploads\/2026\/04\/anisur-rahman-K2b7UDed6uQ-unsplash-1536x960.jpg 1536w, https:\/\/kraftwege.de\/wp-content\/uploads\/2026\/04\/anisur-rahman-K2b7UDed6uQ-unsplash-2048x1280.jpg 2048w\" sizes=\"auto, (max-width: 2560px) 100vw, 2560px\" \/><\/figure>\n<\/div>\n\n\n\n<div class=\"wp-block-column is-layout-flow wp-block-column-is-layout-flow\" style=\"flex-basis:40%\">\n<h2 class=\"wp-block-heading\"><strong>Methoden der systemischen Beratung<\/strong><\/h2>\n\n\n\n<p>Je nach Anliegen arbeite ich unter anderem mit:<\/p>\n\n\n\n<ul class=\"wp-block-list\">\n<li>Genogrammarbeit<\/li>\n\n\n\n<li>Ressourcenarbeit<\/li>\n\n\n\n<li>Skalenarbeit<\/li>\n\n\n\n<li>Systemzeichnungen<\/li>\n\n\n\n<li>Perspektivwechseln<\/li>\n\n\n\n<li>strukturierenden und kl\u00e4renden Gespr\u00e4chsimpulsen<\/li>\n<\/ul>\n\n\n\n<p>Diese Methoden helfen dabei, Zusammenh\u00e4nge sichtbar zu machen, Klarheit zu gewinnen und neue Handlungsm\u00f6glichkeiten zu entwickeln.<\/p>\n<\/div>\n<\/div>\n<\/div>\n\n\n\n<div class=\"wp-block-group alignfull has-base-2-background-color has-background has-global-padding is-layout-constrained wp-container-core-group-is-layout-669513ed wp-block-group-is-layout-constrained\" style=\"margin-top:0;margin-bottom:0;padding-top:var(--wp--preset--spacing--50);padding-right:var(--wp--preset--spacing--50);padding-bottom:var(--wp--preset--spacing--50);padding-left:var(--wp--preset--spacing--50)\">\n<div class=\"wp-block-group is-vertical is-content-justification-center is-layout-flex wp-container-core-group-is-layout-52b864f0 wp-block-group-is-layout-flex\">\n<h2 class=\"wp-block-heading has-text-align-center is-style-asterisk\"><strong>Ablauf einer Zusammenarbeit<\/strong><\/h2>\n<\/div>\n\n\n\n<div style=\"margin-top:0;margin-bottom:0;height:var(--wp--preset--spacing--40)\" aria-hidden=\"true\" class=\"wp-block-spacer\"><\/div>\n\n\n\n<div class=\"wp-block-columns alignwide is-layout-flex wp-container-core-columns-is-layout-d0bbbce0 wp-block-columns-is-layout-flex\">\n<div class=\"wp-block-column is-layout-flow wp-container-core-column-is-layout-e3d1c41b wp-block-column-is-layout-flow\">\n<h3 class=\"wp-block-heading has-text-align-left is-style-asterisk has-body-font-family has-medium-font-size\" style=\"font-style:normal;font-weight:600\">1. Kennenlernen<\/h3>\n\n\n\n<p class=\"has-text-align-left\">In einem ersten Telefonat oder Videocall lernen wir uns kennen und schauen, ob wir uns eine Zusammenarbeit vorstellen k\u00f6nnen.<\/p>\n<\/div>\n\n\n\n<div class=\"wp-block-column is-layout-flow wp-container-core-column-is-layout-e3d1c41b wp-block-column-is-layout-flow\">\n<h3 class=\"wp-block-heading has-text-align-left is-style-asterisk has-body-font-family has-medium-font-size\" style=\"font-style:normal;font-weight:600\">2. Erstgespr\u00e4ch und Auftragskl\u00e4rung<\/h3>\n\n\n\n<p class=\"has-text-align-left\">Im Erstgespr\u00e4ch kl\u00e4ren wir dein Anliegen, das Ziel der Beratung und den m\u00f6glichen Rahmen. Manchmal entstehen bereits hier erste neue Perspektiven.<\/p>\n<\/div>\n\n\n\n<div class=\"wp-block-column is-layout-flow wp-container-core-column-is-layout-e3d1c41b wp-block-column-is-layout-flow\">\n<h3 class=\"wp-block-heading has-text-align-left is-style-asterisk has-body-font-family has-medium-font-size\" style=\"font-style:normal;font-weight:600\">3. Beratungsprozess<\/h3>\n\n\n\n<p class=\"has-text-align-left\">Im weiteren Verlauf arbeiten wir mit Methoden der systemischen Beratung und entwickeln konkrete Denk- und Handlungsm\u00f6glichkeiten f\u00fcr deinen Alltag.<\/p>\n<\/div>\n<\/div>\n\n\n\n<div style=\"height:var(--wp--preset--spacing--20)\" aria-hidden=\"true\" class=\"wp-block-spacer\"><\/div>\n\n\n\n<div class=\"wp-block-columns alignwide is-layout-flex wp-container-core-columns-is-layout-d0bbbce0 wp-block-columns-is-layout-flex\">\n<div class=\"wp-block-column is-layout-flow wp-container-core-column-is-layout-e3d1c41b wp-block-column-is-layout-flow\">\n<h3 class=\"wp-block-heading has-text-align-left is-style-asterisk has-body-font-family has-medium-font-size\" style=\"font-style:normal;font-weight:600\">4. Stabilisierung<\/h3>\n\n\n\n<p class=\"has-text-align-left\">Auf Wunsch k\u00f6nnen neu entwickelte Schritte und Kompetenzen in einer Stabilisierungsphase gefestigt werden.<\/p>\n<\/div>\n\n\n\n<div class=\"wp-block-column is-layout-flow wp-container-core-column-is-layout-e3d1c41b wp-block-column-is-layout-flow\">\n<h3 class=\"wp-block-heading has-text-align-left is-style-asterisk has-body-font-family has-medium-font-size\" style=\"font-style:normal;font-weight:600\">5. Abschluss und Auffrischung<\/h3>\n\n\n\n<p class=\"has-text-align-left\">Im Abschlussgespr\u00e4ch schauen wir gemeinsam auf die erreichten Ver\u00e4nderungen. Auch nach Ende des Auftrags ist eine Auffrischungssitzung m\u00f6glich.<\/p>\n<\/div>\n<\/div>\n<\/div>\n\n\n\n<div class=\"wp-block-group alignfull has-base-color has-contrast-background-color has-text-color has-background has-link-color wp-elements-a53948b43d4c930dbf2580ec8be69901 has-global-padding is-layout-constrained wp-container-core-group-is-layout-d89aad35 wp-block-group-is-layout-constrained\" style=\"margin-top:0;margin-bottom:0;padding-top:var(--wp--preset--spacing--50);padding-right:var(--wp--preset--spacing--50);padding-bottom:var(--wp--preset--spacing--50);padding-left:var(--wp--preset--spacing--50)\">\n<h2 class=\"wp-block-heading alignwide has-base-color has-text-color has-link-color wp-elements-373bdac4b15b47535cec9757ab1421bc\" style=\"font-size:clamp(2.2rem, 2.2rem + ((1vw - 0.2rem) * 3), 4rem);letter-spacing:-0.02em\">Wann ist Beratung sinnvoll?<\/h2>\n\n\n\n<div class=\"wp-block-group alignwide is-layout-flow wp-block-group-is-layout-flow\">\n<hr class=\"wp-block-separator has-text-color has-base-color has-alpha-channel-opacity has-base-background-color has-background is-style-wide\" style=\"margin-top:var(--wp--preset--spacing--30);margin-bottom:var(--wp--preset--spacing--30)\"\/>\n\n\n\n<h3 class=\"wp-block-heading alignwide has-base-2-color has-text-color has-link-color wp-elements-1ce4f847328d1abbfc37a280b55b699d\">Wobei ich dich begleiten kann:<\/h3>\n\n\n\n<hr class=\"wp-block-separator has-text-color has-base-color has-alpha-channel-opacity has-base-background-color has-background is-style-wide\" style=\"margin-top:var(--wp--preset--spacing--30);margin-bottom:var(--wp--preset--spacing--30)\"\/>\n\n\n\n<ul class=\"wp-block-list\">\n<li>famili\u00e4re Themen und Beziehungsdynamiken<\/li>\n\n\n\n<li>Spannungen in Partnerschaft oder Familie<\/li>\n\n\n\n<li>Erziehungsfragen und Herausforderungen mit Kindern<\/li>\n\n\n\n<li>berufliche Belastungen, Konflikte und Neuorientierung<\/li>\n\n\n\n<li>Stress, Ersch\u00f6pfung und fehlende Balance<\/li>\n\n\n\n<li>Selbstwert, Entscheidungsfragen und pers\u00f6nliche Entwicklung<\/li>\n\n\n\n<li>Lebenskrisen, Umbr\u00fcche und belastende \u00dcberg\u00e4nge<\/li>\n\n\n\n<li>Konflikte im privaten, schulischen oder beruflichen Kontext<\/li>\n\n\n\n<li>Pr\u00e4vention, Resilienz und neue Strategien im Umgang mit Belastung<\/li>\n<\/ul>\n\n\n\n<hr class=\"wp-block-separator has-text-color has-base-color has-alpha-channel-opacity has-base-background-color has-background is-style-wide\" style=\"margin-top:var(--wp--preset--spacing--30);margin-bottom:var(--wp--preset--spacing--30)\"\/>\n\n\n\n<h3 class=\"wp-block-heading alignwide has-base-2-color has-text-color has-link-color wp-elements-99494168aea88fe73ecc63422da121e7\">Wichtiger Hinweis:<\/h3>\n\n\n\n<hr class=\"wp-block-separator has-text-color has-base-color has-alpha-channel-opacity has-base-background-color has-background is-style-wide\" style=\"margin-top:var(--wp--preset--spacing--30);margin-bottom:var(--wp--preset--spacing--30)\"\/>\n\n\n\n<p class=\"has-contrast-1-color has-text-color has-link-color wp-elements-5257861746634d8295bd3b8fb4d0457e\">Systemische Beratung ersetzt keine Psychotherapie und keine fach\u00e4rztliche Behandlung. Bei traumatischen Erfahrungen kann meine Begleitung erg\u00e4nzend sinnvoll sein. Eine fach\u00e4rztliche oder therapeutische Anbindung sollte in diesem Fall vorhanden sein.<\/p>\n\n\n\n<div style=\"margin-top:var(--wp--preset--spacing--10);margin-bottom:0;height:var(--wp--preset--spacing--10)\" aria-hidden=\"true\" class=\"wp-block-spacer\"><\/div>\n<\/div>\n<\/div>\n\n\n\n<div class=\"wp-block-group alignfull has-global-padding is-layout-constrained wp-container-core-group-is-layout-d89aad35 wp-block-group-is-layout-constrained\" style=\"margin-top:0;margin-bottom:0;padding-top:var(--wp--preset--spacing--50);padding-right:var(--wp--preset--spacing--50);padding-bottom:var(--wp--preset--spacing--50);padding-left:var(--wp--preset--spacing--50)\">\n<div class=\"wp-block-columns alignwide are-vertically-aligned-center is-layout-flex wp-container-core-columns-is-layout-47c06fe3 wp-block-columns-is-layout-flex\">\n<div class=\"wp-block-column is-vertically-aligned-center is-layout-flow wp-block-column-is-layout-flow\" style=\"flex-basis:50%\">\n<h2 class=\"wp-block-heading\"><strong>Du m\u00f6chtest herausfinden, ob meine Beratung zu deinem Anliegen passt?<\/strong><\/h2>\n\n\n\n<p>Dann freue ich mich \u00fcber deine Nachricht f\u00fcr ein erstes Kennenlernen.<\/p>\n\n\n\n<div class=\"wp-block-buttons is-layout-flex wp-block-buttons-is-layout-flex\">\n<div class=\"wp-block-button\"><a class=\"wp-block-button__link wp-element-button\" href=\"mailto:info@kraftwege.de\">Erstgespr\u00e4ch anfragen<\/a><\/div>\n<\/div>\n<\/div>\n\n\n\n<div class=\"wp-block-column is-vertically-aligned-center is-layout-flow wp-block-column-is-layout-flow\" style=\"flex-basis:50%\">\n<figure class=\"wp-block-image size-full is-style-rounded is-style-rounded--4\"><img decoding=\"async\" src=\"https:\/\/kraftwege.de\/wp-content\/themes\/twentytwentyfour\/assets\/images\/abstract-geometric-art.webp\" alt=\"White abstract geometric artwork from Dresden, Germany\" style=\"aspect-ratio:4\/3;object-fit:cover\"\/><\/figure>\n<\/div>\n<\/div>\n<\/div>\n","protected":false},"excerpt":{"rendered":"<p>Systemische Beratung Die l\u00f6sungsorientierte systemische Beratung geht davon aus, dass die Klientin die L\u00f6sung f\u00fcr ihr Thema bereits in sich tr\u00e4gt. In der Beratung wird diese L\u00f6sung nicht von au\u00dfen vorgegeben, sondern durch gezielte Methoden sichtbar gemacht und ins Bewusstsein geholt. Durch den angesto\u00dfenen Perspektivwechsel entsteht ein innerer Prozess, der nachhaltige Ver\u00e4nderung erm\u00f6glichen kann. So [&hellip;]<\/p>\n","protected":false},"author":3,"featured_media":0,"parent":0,"menu_order":0,"comment_status":"closed","ping_status":"closed","template":"","meta":{"footnotes":""},"class_list":["post-11","page","type-page","status-publish","hentry"],"_links":{"self":[{"href":"https:\/\/kraftwege.de\/index.php?rest_route=\/wp\/v2\/pages\/11","targetHints":{"allow":["GET"]}}],"collection":[{"href":"https:\/\/kraftwege.de\/index.php?rest_route=\/wp\/v2\/pages"}],"about":[{"href":"https:\/\/kraftwege.de\/index.php?rest_route=\/wp\/v2\/types\/page"}],"author":[{"embeddable":true,"href":"https:\/\/kraftwege.de\/index.php?rest_route=\/wp\/v2\/users\/3"}],"replies":[{"embeddable":true,"href":"https:\/\/kraftwege.de\/index.php?rest_route=%2Fwp%2Fv2%2Fcomments&post=11"}],"version-history":[{"count":4,"href":"https:\/\/kraftwege.de\/index.php?rest_route=\/wp\/v2\/pages\/11\/revisions"}],"predecessor-version":[{"id":141,"href":"https:\/\/kraftwege.de\/index.php?rest_route=\/wp\/v2\/pages\/11\/revisions\/141"}],"wp:attachment":[{"href":"https:\/\/kraftwege.de\/index.php?rest_route=%2Fwp%2Fv2%2Fmedia&parent=11"}],"curies":[{"name":"wp","href":"https:\/\/api.w.org\/{rel}","templated":true}]}}