{"id":34,"date":"2024-11-12T15:46:19","date_gmt":"2024-11-12T14:46:19","guid":{"rendered":"https:\/\/kraftwege.de\/?page_id=34"},"modified":"2026-04-24T15:43:54","modified_gmt":"2026-04-24T13:43:54","slug":"fundament","status":"publish","type":"page","link":"https:\/\/kraftwege.de\/?page_id=34","title":{"rendered":"Fundament"},"content":{"rendered":"\n<div class=\"wp-block-group alignfull has-accent-background-color has-background has-global-padding is-layout-constrained wp-container-core-group-is-layout-669513ed wp-block-group-is-layout-constrained\" style=\"margin-top:0;margin-bottom:0;padding-top:var(--wp--preset--spacing--50);padding-right:var(--wp--preset--spacing--50);padding-bottom:var(--wp--preset--spacing--50);padding-left:var(--wp--preset--spacing--50)\">\n<div class=\"wp-block-columns alignwide is-layout-flex wp-container-core-columns-is-layout-1da03c2a wp-block-columns-is-layout-flex\">\n<div class=\"wp-block-column is-vertically-aligned-stretch is-layout-flow wp-block-column-is-layout-flow\" style=\"flex-basis:50%\">\n<div class=\"wp-block-group is-vertical is-content-justification-stretch is-layout-flex wp-container-core-group-is-layout-444d5ee8 wp-block-group-is-layout-flex\" style=\"min-height:100%\">\n<p class=\"has-heading-font-family has-x-large-font-size\" style=\"line-height:1.2\">Meine Arbeit verbindet systemisches Denken, k\u00f6rperorientierte Perspektiven und die Frage, wie Selbstregulation im Alltag konkret unterst\u00fctzt werden kann.<\/p>\n<\/div>\n<\/div>\n<\/div>\n<\/div>\n\n\n\n<div class=\"wp-block-group alignfull has-base-background-color has-background has-global-padding is-layout-constrained wp-container-core-group-is-layout-d89aad35 wp-block-group-is-layout-constrained\" style=\"margin-top:0;margin-bottom:0;padding-top:var(--wp--preset--spacing--50);padding-right:var(--wp--preset--spacing--50);padding-bottom:var(--wp--preset--spacing--50);padding-left:var(--wp--preset--spacing--50)\">\n<div class=\"wp-block-columns alignwide is-layout-flex wp-container-core-columns-is-layout-549b0c86 wp-block-columns-is-layout-flex\">\n<div class=\"wp-block-column has-global-padding is-content-justification-left is-layout-constrained wp-container-core-column-is-layout-4f15e8fe wp-block-column-is-layout-constrained\" style=\"flex-basis:40%\">\n<p>Probleme werden nicht abgewertet, sondern als Ausdruck bisheriger Bew\u00e4ltigungsstrategien verstanden.<\/p>\n<\/div>\n\n\n\n<div class=\"wp-block-column is-layout-flow wp-container-core-column-is-layout-119bc444 wp-block-column-is-layout-flow\" style=\"flex-basis:60%\">\n<p class=\"has-heading-font-family has-x-large-font-size\" style=\"line-height:1.2\">Meine Grundhaltung<\/p>\n\n\n\n<div class=\"wp-block-columns is-layout-flex wp-container-core-columns-is-layout-87beb0d0 wp-block-columns-is-layout-flex\">\n<div class=\"wp-block-column is-layout-flow wp-block-column-is-layout-flow\">\n<p class=\"wp-container-content-9cfa9a5a\">Ich betrachte Menschen nicht losgel\u00f6st von ihrem Umfeld, sondern immer im Zusammenhang mit ihren Beziehungen, Lebensbedingungen und bisherigen Erfahrungen. <\/p>\n<\/div>\n\n\n\n<div class=\"wp-block-column is-layout-flow wp-block-column-is-layout-flow\">\n<p>Dabei liegt der Fokus auf den St\u00e4rken, M\u00f6glichkeiten und bereits vorhandenen L\u00f6sungsversuchen eines Menschen und seines Systems.<\/p>\n<\/div>\n<\/div>\n<\/div>\n<\/div>\n<\/div>\n\n\n\n<div class=\"wp-block-group alignfull has-accent-5-background-color has-background has-global-padding is-layout-constrained wp-container-core-group-is-layout-d89aad35 wp-block-group-is-layout-constrained\" style=\"margin-top:0;margin-bottom:0;padding-top:var(--wp--preset--spacing--50);padding-right:var(--wp--preset--spacing--50);padding-bottom:var(--wp--preset--spacing--50);padding-left:var(--wp--preset--spacing--50)\">\n<div class=\"wp-block-columns alignwide is-layout-flex wp-container-core-columns-is-layout-1da03c2a wp-block-columns-is-layout-flex\">\n<div class=\"wp-block-column is-vertically-aligned-center is-layout-flow wp-block-column-is-layout-flow\" style=\"flex-basis:60%\">\n<figure class=\"wp-block-image size-full is-resized is-style-rounded wp-duotone-duotone-1 is-style-rounded--1\"><img loading=\"lazy\" decoding=\"async\" width=\"1707\" height=\"2560\" src=\"https:\/\/kraftwege.de\/wp-content\/uploads\/2026\/04\/sebastien-goldberg-INnZ8xG0ZHI-unsplash-scaled.jpg\" alt=\"\" class=\"wp-image-119\" style=\"aspect-ratio:1.3333333333333333;object-fit:cover;width:485px;height:auto\" srcset=\"https:\/\/kraftwege.de\/wp-content\/uploads\/2026\/04\/sebastien-goldberg-INnZ8xG0ZHI-unsplash-scaled.jpg 1707w, https:\/\/kraftwege.de\/wp-content\/uploads\/2026\/04\/sebastien-goldberg-INnZ8xG0ZHI-unsplash-200x300.jpg 200w, https:\/\/kraftwege.de\/wp-content\/uploads\/2026\/04\/sebastien-goldberg-INnZ8xG0ZHI-unsplash-683x1024.jpg 683w, https:\/\/kraftwege.de\/wp-content\/uploads\/2026\/04\/sebastien-goldberg-INnZ8xG0ZHI-unsplash-768x1152.jpg 768w, https:\/\/kraftwege.de\/wp-content\/uploads\/2026\/04\/sebastien-goldberg-INnZ8xG0ZHI-unsplash-1024x1536.jpg 1024w, https:\/\/kraftwege.de\/wp-content\/uploads\/2026\/04\/sebastien-goldberg-INnZ8xG0ZHI-unsplash-1365x2048.jpg 1365w\" sizes=\"auto, (max-width: 1707px) 100vw, 1707px\" \/><\/figure>\n<\/div>\n\n\n\n<div class=\"wp-block-column is-layout-flow wp-block-column-is-layout-flow\" style=\"flex-basis:40%\">\n<h2 class=\"wp-block-heading\"><strong>K\u00f6rper, Nervensystem und Alltag<\/strong><\/h2>\n\n\n\n<p>Belastungen zeigen sich nicht nur im Denken, sondern oft auch im K\u00f6rper. Innere Unruhe, \u00dcberforderung, Ersch\u00f6pfung oder Anspannung k\u00f6nnen Hinweise darauf sein, dass das Nervensystem dauerhaft gefordert ist.<\/p>\n\n\n\n<p>Deshalb ist es mir wichtig, nicht nur \u00fcber Ver\u00e4nderung zu sprechen, sondern auch Wege zu er\u00f6ffnen, wie Regulation konkret erfahrbar werden kann \u2013 im Gespr\u00e4ch, \u00fcber Wahrnehmung und \u00fcber alltagstaugliche k\u00f6rperbezogene Impulse.<\/p>\n<\/div>\n<\/div>\n<\/div>\n\n\n\n<div class=\"wp-block-group alignfull has-global-padding is-layout-constrained wp-container-core-group-is-layout-669513ed wp-block-group-is-layout-constrained\" style=\"margin-top:0;margin-bottom:0;padding-top:var(--wp--preset--spacing--50);padding-right:var(--wp--preset--spacing--50);padding-bottom:var(--wp--preset--spacing--50);padding-left:var(--wp--preset--spacing--50)\">\n<div class=\"wp-block-group is-vertical is-content-justification-center is-layout-flex wp-container-core-group-is-layout-ce155fab wp-block-group-is-layout-flex\">\n<h2 class=\"wp-block-heading has-text-align-center has-xx-large-font-size\"><strong>Warum der Barfu\u00dfpfad dazugeh\u00f6rt<\/strong><\/h2>\n\n\n\n<p class=\"has-text-align-center\">Der Barfu\u00dfpfad ist aus der Frage entstanden, wie Menschen \u2013 insbesondere Kinder, aber auch Erwachsene \u2013 auf eine einfache und autonome Weise in Kontakt mit ihrem K\u00f6rper kommen k\u00f6nnen.<\/p>\n\n\n\n<p class=\"has-text-align-center\">Die Stimulation der Fu\u00dfreflexzonen, unterschiedliche Materialien und die bewusste Anwendung k\u00f6nnen dabei helfen, den K\u00f6rper wahrzunehmen, Pr\u00e4senz zu f\u00f6rdern und einen regulierenden oder aktivierenden Impuls zu setzen.<\/p>\n<\/div>\n<\/div>\n\n\n\n<div class=\"wp-block-group alignfull has-base-color has-contrast-background-color has-text-color has-background has-link-color wp-elements-40e7cc87d764a9d9162dc4dd0ed6d0b2 has-global-padding is-layout-constrained wp-container-core-group-is-layout-d89aad35 wp-block-group-is-layout-constrained\" style=\"margin-top:0;margin-bottom:0;padding-top:var(--wp--preset--spacing--50);padding-right:var(--wp--preset--spacing--50);padding-bottom:var(--wp--preset--spacing--50);padding-left:var(--wp--preset--spacing--50)\">\n<h2 class=\"wp-block-heading alignwide has-base-color has-text-color has-link-color wp-elements-56f3349d905109d3e43d67a2cc5d56ca\" style=\"font-size:clamp(2.2rem, 2.2rem + ((1vw - 0.2rem) * 3), 4rem);letter-spacing:-0.02em\"><strong>Individuell statt nach Schema F<\/strong><\/h2>\n\n\n\n<div class=\"wp-block-group alignwide is-layout-flow wp-block-group-is-layout-flow\">\n<hr class=\"wp-block-separator has-text-color has-base-color has-alpha-channel-opacity has-base-background-color has-background is-style-wide\" style=\"margin-top:var(--wp--preset--spacing--30);margin-bottom:var(--wp--preset--spacing--30)\"\/>\n\n\n\n<p class=\"has-contrast-1-color has-text-color has-link-color wp-elements-9739c42cfa3924f35d1b7be58805c675\">Jeder Mensch bringt eine eigene Geschichte, eigene Belastungen und eigene Ressourcen mit. Deshalb arbeite ich nicht nach einem starren Schema, sondern entwickle gemeinsam mit meinen Klientinnen individuelle Wege, die zu ihrer Lebenssituation passen.<\/p>\n\n\n\n<hr class=\"wp-block-separator has-text-color has-base-color has-alpha-channel-opacity has-base-background-color has-background is-style-wide\" style=\"margin-top:var(--wp--preset--spacing--30);margin-bottom:var(--wp--preset--spacing--30)\"\/>\n<\/div>\n<\/div>\n\n\n\n<div class=\"wp-block-group alignfull has-global-padding is-layout-constrained wp-container-core-group-is-layout-d89aad35 wp-block-group-is-layout-constrained\" style=\"margin-top:0;margin-bottom:0;padding-top:var(--wp--preset--spacing--50);padding-right:var(--wp--preset--spacing--50);padding-bottom:var(--wp--preset--spacing--50);padding-left:var(--wp--preset--spacing--50)\">\n<div class=\"wp-block-columns alignwide are-vertically-aligned-center is-layout-flex wp-container-core-columns-is-layout-47c06fe3 wp-block-columns-is-layout-flex\">\n<div class=\"wp-block-column is-vertically-aligned-center is-layout-flow wp-block-column-is-layout-flow\" style=\"flex-basis:50%\">\n<h2 class=\"wp-block-heading\"><strong>Mehr erfahren oder Kontakt aufnehmen<\/strong><\/h2>\n\n\n\n<p>Wenn du wissen m\u00f6chtest, wie meine Arbeit, mein Beratungsangebot oder der Barfu\u00dfpfad zu deinem Anliegen passen k\u00f6nnten, freue ich mich \u00fcber deine Nachricht.<\/p>\n\n\n\n<div class=\"wp-block-buttons is-layout-flex wp-block-buttons-is-layout-flex\">\n<div class=\"wp-block-button\"><a class=\"wp-block-button__link wp-element-button\" href=\"mailto:info@kraftwege.de\">Kontakt<\/a><\/div>\n<\/div>\n<\/div>\n\n\n\n<div class=\"wp-block-column is-vertically-aligned-center is-layout-flow wp-block-column-is-layout-flow\" style=\"flex-basis:50%\">\n<figure class=\"wp-block-image size-full is-style-rounded is-style-rounded--2\"><img loading=\"lazy\" decoding=\"async\" width=\"1707\" height=\"2560\" src=\"https:\/\/kraftwege.de\/wp-content\/uploads\/2026\/04\/christopher-sardegna-iRyGmA_no2Q-unsplash-scaled.jpg\" alt=\"\" class=\"wp-image-128\" style=\"aspect-ratio:4\/3;object-fit:cover\" srcset=\"https:\/\/kraftwege.de\/wp-content\/uploads\/2026\/04\/christopher-sardegna-iRyGmA_no2Q-unsplash-scaled.jpg 1707w, https:\/\/kraftwege.de\/wp-content\/uploads\/2026\/04\/christopher-sardegna-iRyGmA_no2Q-unsplash-200x300.jpg 200w, https:\/\/kraftwege.de\/wp-content\/uploads\/2026\/04\/christopher-sardegna-iRyGmA_no2Q-unsplash-683x1024.jpg 683w, https:\/\/kraftwege.de\/wp-content\/uploads\/2026\/04\/christopher-sardegna-iRyGmA_no2Q-unsplash-768x1151.jpg 768w, https:\/\/kraftwege.de\/wp-content\/uploads\/2026\/04\/christopher-sardegna-iRyGmA_no2Q-unsplash-1024x1536.jpg 1024w, https:\/\/kraftwege.de\/wp-content\/uploads\/2026\/04\/christopher-sardegna-iRyGmA_no2Q-unsplash-1366x2048.jpg 1366w\" sizes=\"auto, (max-width: 1707px) 100vw, 1707px\" \/><\/figure>\n<\/div>\n<\/div>\n<\/div>\n","protected":false},"excerpt":{"rendered":"<p>Meine Arbeit verbindet systemisches Denken, k\u00f6rperorientierte Perspektiven und die Frage, wie Selbstregulation im Alltag konkret unterst\u00fctzt werden kann. Probleme werden nicht abgewertet, sondern als Ausdruck bisheriger Bew\u00e4ltigungsstrategien verstanden. Meine Grundhaltung Ich betrachte Menschen nicht losgel\u00f6st von ihrem Umfeld, sondern immer im Zusammenhang mit ihren Beziehungen, Lebensbedingungen und bisherigen Erfahrungen. Dabei liegt der Fokus auf den [&hellip;]<\/p>\n","protected":false},"author":3,"featured_media":0,"parent":0,"menu_order":0,"comment_status":"closed","ping_status":"closed","template":"","meta":{"footnotes":""},"class_list":["post-34","page","type-page","status-publish","hentry"],"_links":{"self":[{"href":"https:\/\/kraftwege.de\/index.php?rest_route=\/wp\/v2\/pages\/34","targetHints":{"allow":["GET"]}}],"collection":[{"href":"https:\/\/kraftwege.de\/index.php?rest_route=\/wp\/v2\/pages"}],"about":[{"href":"https:\/\/kraftwege.de\/index.php?rest_route=\/wp\/v2\/types\/page"}],"author":[{"embeddable":true,"href":"https:\/\/kraftwege.de\/index.php?rest_route=\/wp\/v2\/users\/3"}],"replies":[{"embeddable":true,"href":"https:\/\/kraftwege.de\/index.php?rest_route=%2Fwp%2Fv2%2Fcomments&post=34"}],"version-history":[{"count":5,"href":"https:\/\/kraftwege.de\/index.php?rest_route=\/wp\/v2\/pages\/34\/revisions"}],"predecessor-version":[{"id":143,"href":"https:\/\/kraftwege.de\/index.php?rest_route=\/wp\/v2\/pages\/34\/revisions\/143"}],"wp:attachment":[{"href":"https:\/\/kraftwege.de\/index.php?rest_route=%2Fwp%2Fv2%2Fmedia&parent=34"}],"curies":[{"name":"wp","href":"https:\/\/api.w.org\/{rel}","templated":true}]}}

<div class="wp-block-group alignfull has-accent-background-color has-background has-global-padding is-layout-constrained wp-container-core-group-is-layout-669513ed wp-block-group-is-layout-constrained" style="margin-top:0;margin-bottom:0;padding-top:var(--wp--preset--spacing--50);padding-right:var(--wp--preset--spacing--50);padding-bottom:var(--wp--preset--spacing--50);padding-left:var(--wp--preset--spacing--50)">
<div class="wp-block-columns alignwide is-layout-flex wp-container-core-columns-is-layout-1da03c2a wp-block-columns-is-layout-flex">
<div class="wp-block-column is-vertically-aligned-stretch is-layout-flow wp-block-column-is-layout-flow" style="flex-basis:50%">
<div class="wp-block-group is-vertical is-content-justification-stretch is-layout-flex wp-container-core-group-is-layout-444d5ee8 wp-block-group-is-layout-flex" style="min-height:100%">
<p class="has-heading-font-family has-x-large-font-size" style="line-height:1.2">Meine Arbeit verbindet systemisches Denken, körperorientierte Perspektiven und die Frage, wie Selbstregulation im Alltag konkret unterstützt werden kann.</p>
</div>
</div>
</div>
</div>



<div class="wp-block-group alignfull has-base-background-color has-background has-global-padding is-layout-constrained wp-container-core-group-is-layout-d89aad35 wp-block-group-is-layout-constrained" style="margin-top:0;margin-bottom:0;padding-top:var(--wp--preset--spacing--50);padding-right:var(--wp--preset--spacing--50);padding-bottom:var(--wp--preset--spacing--50);padding-left:var(--wp--preset--spacing--50)">
<div class="wp-block-columns alignwide is-layout-flex wp-container-core-columns-is-layout-549b0c86 wp-block-columns-is-layout-flex">
<div class="wp-block-column has-global-padding is-content-justification-left is-layout-constrained wp-container-core-column-is-layout-4f15e8fe wp-block-column-is-layout-constrained" style="flex-basis:40%">
<p>Probleme werden nicht abgewertet, sondern als Ausdruck bisheriger Bewältigungsstrategien verstanden.</p>
</div>



<div class="wp-block-column is-layout-flow wp-container-core-column-is-layout-119bc444 wp-block-column-is-layout-flow" style="flex-basis:60%">
<p class="has-heading-font-family has-x-large-font-size" style="line-height:1.2">Meine Grundhaltung</p>



<div class="wp-block-columns is-layout-flex wp-container-core-columns-is-layout-87beb0d0 wp-block-columns-is-layout-flex">
<div class="wp-block-column is-layout-flow wp-block-column-is-layout-flow">
<p class="wp-container-content-9cfa9a5a">Ich betrachte Menschen nicht losgelöst von ihrem Umfeld, sondern immer im Zusammenhang mit ihren Beziehungen, Lebensbedingungen und bisherigen Erfahrungen. </p>
</div>



<div class="wp-block-column is-layout-flow wp-block-column-is-layout-flow">
<p>Dabei liegt der Fokus auf den Stärken, Möglichkeiten und bereits vorhandenen Lösungsversuchen eines Menschen und seines Systems.</p>
</div>
</div>
</div>
</div>
</div>



<div class="wp-block-group alignfull has-accent-5-background-color has-background has-global-padding is-layout-constrained wp-container-core-group-is-layout-d89aad35 wp-block-group-is-layout-constrained" style="margin-top:0;margin-bottom:0;padding-top:var(--wp--preset--spacing--50);padding-right:var(--wp--preset--spacing--50);padding-bottom:var(--wp--preset--spacing--50);padding-left:var(--wp--preset--spacing--50)">
<div class="wp-block-columns alignwide is-layout-flex wp-container-core-columns-is-layout-1da03c2a wp-block-columns-is-layout-flex">
<div class="wp-block-column is-vertically-aligned-center is-layout-flow wp-block-column-is-layout-flow" style="flex-basis:60%">
<figure class="wp-block-image size-full is-resized is-style-rounded wp-duotone-duotone-1 is-style-rounded--1"><img loading="lazy" decoding="async" width="1707" height="2560" src="https://kraftwege.de/wp-content/uploads/2026/04/sebastien-goldberg-INnZ8xG0ZHI-unsplash-scaled.jpg" alt="" class="wp-image-119" style="aspect-ratio:1.3333333333333333;object-fit:cover;width:485px;height:auto" srcset="https://kraftwege.de/wp-content/uploads/2026/04/sebastien-goldberg-INnZ8xG0ZHI-unsplash-scaled.jpg 1707w, https://kraftwege.de/wp-content/uploads/2026/04/sebastien-goldberg-INnZ8xG0ZHI-unsplash-200x300.jpg 200w, https://kraftwege.de/wp-content/uploads/2026/04/sebastien-goldberg-INnZ8xG0ZHI-unsplash-683x1024.jpg 683w, https://kraftwege.de/wp-content/uploads/2026/04/sebastien-goldberg-INnZ8xG0ZHI-unsplash-768x1152.jpg 768w, https://kraftwege.de/wp-content/uploads/2026/04/sebastien-goldberg-INnZ8xG0ZHI-unsplash-1024x1536.jpg 1024w, https://kraftwege.de/wp-content/uploads/2026/04/sebastien-goldberg-INnZ8xG0ZHI-unsplash-1365x2048.jpg 1365w" sizes="auto, (max-width: 1707px) 100vw, 1707px" /></figure>
</div>



<div class="wp-block-column is-layout-flow wp-block-column-is-layout-flow" style="flex-basis:40%">
<h2 class="wp-block-heading"><strong>Körper, Nervensystem und Alltag</strong></h2>



<p>Belastungen zeigen sich nicht nur im Denken, sondern oft auch im Körper. Innere Unruhe, Überforderung, Erschöpfung oder Anspannung können Hinweise darauf sein, dass das Nervensystem dauerhaft gefordert ist.</p>



<p>Deshalb ist es mir wichtig, nicht nur über Veränderung zu sprechen, sondern auch Wege zu eröffnen, wie Regulation konkret erfahrbar werden kann – im Gespräch, über Wahrnehmung und über alltagstaugliche körperbezogene Impulse.</p>
</div>
</div>
</div>



<div class="wp-block-group alignfull has-global-padding is-layout-constrained wp-container-core-group-is-layout-669513ed wp-block-group-is-layout-constrained" style="margin-top:0;margin-bottom:0;padding-top:var(--wp--preset--spacing--50);padding-right:var(--wp--preset--spacing--50);padding-bottom:var(--wp--preset--spacing--50);padding-left:var(--wp--preset--spacing--50)">
<div class="wp-block-group is-vertical is-content-justification-center is-layout-flex wp-container-core-group-is-layout-ce155fab wp-block-group-is-layout-flex">
<h2 class="wp-block-heading has-text-align-center has-xx-large-font-size"><strong>Warum der Barfußpfad dazugehört</strong></h2>



<p class="has-text-align-center">Der Barfußpfad ist aus der Frage entstanden, wie Menschen – insbesondere Kinder, aber auch Erwachsene – auf eine einfache und autonome Weise in Kontakt mit ihrem Körper kommen können.</p>



<p class="has-text-align-center">Die Stimulation der Fußreflexzonen, unterschiedliche Materialien und die bewusste Anwendung können dabei helfen, den Körper wahrzunehmen, Präsenz zu fördern und einen regulierenden oder aktivierenden Impuls zu setzen.</p>
</div>
</div>



<div class="wp-block-group alignfull has-base-color has-contrast-background-color has-text-color has-background has-link-color wp-elements-40e7cc87d764a9d9162dc4dd0ed6d0b2 has-global-padding is-layout-constrained wp-container-core-group-is-layout-d89aad35 wp-block-group-is-layout-constrained" style="margin-top:0;margin-bottom:0;padding-top:var(--wp--preset--spacing--50);padding-right:var(--wp--preset--spacing--50);padding-bottom:var(--wp--preset--spacing--50);padding-left:var(--wp--preset--spacing--50)">
<h2 class="wp-block-heading alignwide has-base-color has-text-color has-link-color wp-elements-56f3349d905109d3e43d67a2cc5d56ca" style="font-size:clamp(2.2rem, 2.2rem + ((1vw - 0.2rem) * 3), 4rem);letter-spacing:-0.02em"><strong>Individuell statt nach Schema F</strong></h2>



<div class="wp-block-group alignwide is-layout-flow wp-block-group-is-layout-flow">
<hr class="wp-block-separator has-text-color has-base-color has-alpha-channel-opacity has-base-background-color has-background is-style-wide" style="margin-top:var(--wp--preset--spacing--30);margin-bottom:var(--wp--preset--spacing--30)"/>



<p class="has-contrast-1-color has-text-color has-link-color wp-elements-9739c42cfa3924f35d1b7be58805c675">Jeder Mensch bringt eine eigene Geschichte, eigene Belastungen und eigene Ressourcen mit. Deshalb arbeite ich nicht nach einem starren Schema, sondern entwickle gemeinsam mit meinen Klientinnen individuelle Wege, die zu ihrer Lebenssituation passen.</p>



<hr class="wp-block-separator has-text-color has-base-color has-alpha-channel-opacity has-base-background-color has-background is-style-wide" style="margin-top:var(--wp--preset--spacing--30);margin-bottom:var(--wp--preset--spacing--30)"/>
</div>
</div>



<div class="wp-block-group alignfull has-global-padding is-layout-constrained wp-container-core-group-is-layout-d89aad35 wp-block-group-is-layout-constrained" style="margin-top:0;margin-bottom:0;padding-top:var(--wp--preset--spacing--50);padding-right:var(--wp--preset--spacing--50);padding-bottom:var(--wp--preset--spacing--50);padding-left:var(--wp--preset--spacing--50)">
<div class="wp-block-columns alignwide are-vertically-aligned-center is-layout-flex wp-container-core-columns-is-layout-47c06fe3 wp-block-columns-is-layout-flex">
<div class="wp-block-column is-vertically-aligned-center is-layout-flow wp-block-column-is-layout-flow" style="flex-basis:50%">
<h2 class="wp-block-heading"><strong>Mehr erfahren oder Kontakt aufnehmen</strong></h2>



<p>Wenn du wissen möchtest, wie meine Arbeit, mein Beratungsangebot oder der Barfußpfad zu deinem Anliegen passen könnten, freue ich mich über deine Nachricht.</p>



<div class="wp-block-buttons is-layout-flex wp-block-buttons-is-layout-flex">
<div class="wp-block-button"><a class="wp-block-button__link wp-element-button" href="mailto:info@kraftwege.de">Kontakt</a></div>
</div>
</div>



<div class="wp-block-column is-vertically-aligned-center is-layout-flow wp-block-column-is-layout-flow" style="flex-basis:50%">
<figure class="wp-block-image size-full is-style-rounded is-style-rounded--2"><img loading="lazy" decoding="async" width="1707" height="2560" src="https://kraftwege.de/wp-content/uploads/2026/04/christopher-sardegna-iRyGmA_no2Q-unsplash-scaled.jpg" alt="" class="wp-image-128" style="aspect-ratio:4/3;object-fit:cover" srcset="https://kraftwege.de/wp-content/uploads/2026/04/christopher-sardegna-iRyGmA_no2Q-unsplash-scaled.jpg 1707w, https://kraftwege.de/wp-content/uploads/2026/04/christopher-sardegna-iRyGmA_no2Q-unsplash-200x300.jpg 200w, https://kraftwege.de/wp-content/uploads/2026/04/christopher-sardegna-iRyGmA_no2Q-unsplash-683x1024.jpg 683w, https://kraftwege.de/wp-content/uploads/2026/04/christopher-sardegna-iRyGmA_no2Q-unsplash-768x1151.jpg 768w, https://kraftwege.de/wp-content/uploads/2026/04/christopher-sardegna-iRyGmA_no2Q-unsplash-1024x1536.jpg 1024w, https://kraftwege.de/wp-content/uploads/2026/04/christopher-sardegna-iRyGmA_no2Q-unsplash-1366x2048.jpg 1366w" sizes="auto, (max-width: 1707px) 100vw, 1707px" /></figure>
</div>
</div>
</div>

<p>Meine Arbeit verbindet systemisches Denken, körperorientierte Perspektiven und die Frage, wie Selbstregulation im Alltag konkret unterstützt werden kann. Probleme werden nicht abgewertet, sondern als Ausdruck bisheriger Bewältigungsstrategien verstanden. Meine Grundhaltung Ich betrachte Menschen nicht losgelöst von ihrem Umfeld, sondern immer im Zusammenhang mit ihren Beziehungen, Lebensbedingungen und bisherigen Erfahrungen. Dabei liegt der Fokus auf den [&hellip;]</p>
