{"id":6,"date":"2024-11-12T00:01:02","date_gmt":"2024-11-11T23:01:02","guid":{"rendered":"https:\/\/kraftwege.de\/?page_id=6"},"modified":"2026-04-24T15:50:02","modified_gmt":"2026-04-24T13:50:02","slug":"ueber-mich","status":"publish","type":"page","link":"https:\/\/kraftwege.de\/?page_id=6","title":{"rendered":"\u00dcber Mich"},"content":{"rendered":"\n<div class=\"wp-block-group alignfull has-accent-background-color has-background has-global-padding is-layout-constrained wp-container-core-group-is-layout-669513ed wp-block-group-is-layout-constrained\" style=\"margin-top:0;margin-bottom:0;padding-top:var(--wp--preset--spacing--50);padding-right:var(--wp--preset--spacing--50);padding-bottom:var(--wp--preset--spacing--50);padding-left:var(--wp--preset--spacing--50)\">\n<div class=\"wp-block-columns alignwide is-layout-flex wp-container-core-columns-is-layout-1da03c2a wp-block-columns-is-layout-flex\">\n<div class=\"wp-block-column is-vertically-aligned-stretch is-layout-flow wp-block-column-is-layout-flow\" style=\"flex-basis:50%\">\n<div class=\"wp-block-group is-vertical is-content-justification-stretch is-layout-flex wp-container-core-group-is-layout-444d5ee8 wp-block-group-is-layout-flex\" style=\"min-height:100%\">\n<p class=\"has-heading-font-family has-x-large-font-size\" style=\"line-height:1.2\">Ich begleite Menschen in herausfordernden Lebenssituationen mit einer systemischen und k\u00f6rperbezogenen Haltung.<\/p>\n\n\n\n<div class=\"wp-block-group has-global-padding is-content-justification-left is-layout-constrained wp-container-core-group-is-layout-9fe8ed88 wp-block-group-is-layout-constrained\">\n<p class=\"wp-container-content-0733e5d0\">Mein Anliegen ist es, R\u00e4ume zu schaffen, in denen Entwicklung m\u00f6glich wird \u2013 ruhig, wertsch\u00e4tzend und ohne Druck.<\/p>\n\n\n\n<p class=\"wp-container-content-0733e5d0\">Mit Kraftwege verbinde ich meine Erfahrung aus der systemischen Beratung mit meinem Interesse an k\u00f6rperorientierter Traumaarbeit und der Frage, wie Selbstregulation im Alltag konkret unterst\u00fctzt werden kann.<\/p>\n\n\n\n<div class=\"wp-block-buttons is-layout-flex wp-block-buttons-is-layout-flex\">\n<div class=\"wp-block-button\"><a class=\"wp-block-button__link wp-element-button\" href=\"mailto:info@kraftwege.de\">Kontakt<\/a><\/div>\n<\/div>\n<\/div>\n<\/div>\n<\/div>\n\n\n\n<div class=\"wp-block-column is-vertically-aligned-center is-layout-flow wp-block-column-is-layout-flow\" style=\"flex-basis:50%\">\n<figure class=\"wp-block-image size-full is-style-rounded is-style-rounded--1\"><img loading=\"lazy\" decoding=\"async\" width=\"1086\" height=\"1448\" src=\"https:\/\/kraftwege.de\/wp-content\/uploads\/2026\/04\/7B788AB8-FFE5-44DA-B765-EE20C594BE0E.png\" alt=\"\" class=\"wp-image-104\" style=\"aspect-ratio:3\/4;object-fit:cover\"\/><\/figure>\n<\/div>\n<\/div>\n<\/div>\n\n\n\n<div class=\"wp-block-group alignfull has-base-background-color has-background has-global-padding is-layout-constrained wp-container-core-group-is-layout-d89aad35 wp-block-group-is-layout-constrained\" style=\"margin-top:0;margin-bottom:0;padding-top:var(--wp--preset--spacing--50);padding-right:var(--wp--preset--spacing--50);padding-bottom:var(--wp--preset--spacing--50);padding-left:var(--wp--preset--spacing--50)\">\n<div class=\"wp-block-columns alignwide is-layout-flex wp-container-core-columns-is-layout-549b0c86 wp-block-columns-is-layout-flex\">\n<div class=\"wp-block-column has-global-padding is-content-justification-left is-layout-constrained wp-container-core-column-is-layout-4f15e8fe wp-block-column-is-layout-constrained\" style=\"flex-basis:40%\">\n<p class=\"has-heading-font-family has-x-large-font-size\" style=\"line-height:1.2\">Mein Hintergrund<\/p>\n\n\n\n<p>Wissenschaftshistorikerin (Studiengang Geschichte der Naturwissenschaften und Technik\/Kunstgeschichte an der Universit\u00e4t Stuttgart)<\/p>\n\n\n\n<p>Zertifikat: Trauma und Traumafolgest\u00f6rungen von der Fernakademie f\u00fcr P\u00e4dagogik und Sozialberufe<\/p>\n\n\n\n<p>Somatic Experiencing Intro<\/p>\n\n\n\n<p>In Ausbildung zur Heilpraktikerin f\u00fcr Psychotherapie<\/p>\n\n\n\n<p>Anschlie\u00dfende Ausbildung zum Somatic Experiencing Practitioner (k\u00f6rperorientierte Traumatherapie)<\/p>\n<\/div>\n\n\n\n<div class=\"wp-block-column is-layout-flow wp-container-core-column-is-layout-119bc444 wp-block-column-is-layout-flow\" style=\"flex-basis:60%\">\n<p class=\"has-heading-font-family has-x-large-font-size\" style=\"line-height:1.2\">Meine Haltung<\/p>\n\n\n\n<div class=\"wp-block-columns is-layout-flex wp-container-core-columns-is-layout-87beb0d0 wp-block-columns-is-layout-flex\">\n<div class=\"wp-block-column is-layout-flow wp-block-column-is-layout-flow\">\n<p class=\"wp-container-content-9cfa9a5a\">Ich arbeite aus der \u00dcberzeugung heraus, dass Menschen die L\u00f6sung f\u00fcr ihr Thema nicht von au\u00dfen \u201ebekommen\u201c m\u00fcssen, sondern sie bereits in sich tragen. Manchmal braucht es Begleitung, Struktur, einen Perspektivwechsel oder einen Impuls, um wieder Zugang dazu zu finden.<\/p>\n<\/div>\n\n\n\n<div class=\"wp-block-column is-layout-flow wp-block-column-is-layout-flow\">\n<p>Dabei interessiert mich nicht nur das aktuelle Problem, sondern auch der bisherige Weg, die individuellen Bew\u00e4ltigungsstrategien und die St\u00e4rke, die oft gerade in schwierigen Lebensphasen sichtbar wird.<\/p>\n<\/div>\n<\/div>\n<\/div>\n<\/div>\n\n\n\n<div class=\"wp-block-group alignfull has-global-padding is-layout-constrained wp-container-core-group-is-layout-669513ed wp-block-group-is-layout-constrained\" style=\"margin-top:0;margin-bottom:0;padding-top:var(--wp--preset--spacing--50);padding-right:var(--wp--preset--spacing--50);padding-bottom:var(--wp--preset--spacing--50);padding-left:var(--wp--preset--spacing--50)\">\n<div class=\"wp-block-group is-vertical is-content-justification-center is-layout-flex wp-container-core-group-is-layout-ce155fab wp-block-group-is-layout-flex\">\n<h2 class=\"wp-block-heading has-text-align-center has-xx-large-font-size\">Warum ich Kraftwege gegr\u00fcndet habe<\/h2>\n\n\n\n<p class=\"has-text-align-center\">Ich habe Kraftwege und den Barfu\u00dfpfad aus der \u00dcberzeugung heraus entwickelt, dass Regulation, K\u00f6rperwahrnehmung und Selbstwirksamkeit keine abstrakten Begriffe sein m\u00fcssen, sondern konkret erfahrbar werden d\u00fcrfen.<\/p>\n\n\n\n<p class=\"has-text-align-center\">Mein Wunsch ist es, Menschen eine Form der Unterst\u00fctzung anzubieten, die sowohl im Gespr\u00e4ch als auch \u00fcber den K\u00f6rper ansetzen kann \u2013 je nachdem, was im jeweiligen Moment hilfreich ist. Dies kann \u00fcber die systemische Beratung, \u00fcber den Barfu\u00dfpfad oder \u00fcber die Verbindung beider Wege geschehen.<\/p>\n<\/div>\n<\/div>\n<\/div>\n\n\n\n<div class=\"wp-block-group alignfull has-accent-5-background-color has-background has-global-padding is-layout-constrained wp-container-core-group-is-layout-d89aad35 wp-block-group-is-layout-constrained\" style=\"margin-top:0;margin-bottom:0;padding-top:var(--wp--preset--spacing--50);padding-right:var(--wp--preset--spacing--50);padding-bottom:var(--wp--preset--spacing--50);padding-left:var(--wp--preset--spacing--50)\">\n<div class=\"wp-block-columns alignwide is-layout-flex wp-container-core-columns-is-layout-1da03c2a wp-block-columns-is-layout-flex\">\n<div class=\"wp-block-column is-vertically-aligned-center is-layout-flow wp-block-column-is-layout-flow\" style=\"flex-basis:60%\">\n<figure class=\"wp-block-image size-full is-style-rounded wp-duotone-unset-3 is-style-rounded--2\"><img loading=\"lazy\" decoding=\"async\" width=\"2560\" height=\"1707\" src=\"https:\/\/kraftwege.de\/wp-content\/uploads\/2026\/04\/danielle-comer-jZ99NJJTJIE-unsplash-scaled.jpg\" alt=\"\" class=\"wp-image-125\" style=\"aspect-ratio:4\/3;object-fit:cover\" srcset=\"https:\/\/kraftwege.de\/wp-content\/uploads\/2026\/04\/danielle-comer-jZ99NJJTJIE-unsplash-scaled.jpg 2560w, https:\/\/kraftwege.de\/wp-content\/uploads\/2026\/04\/danielle-comer-jZ99NJJTJIE-unsplash-300x200.jpg 300w, https:\/\/kraftwege.de\/wp-content\/uploads\/2026\/04\/danielle-comer-jZ99NJJTJIE-unsplash-1024x683.jpg 1024w, https:\/\/kraftwege.de\/wp-content\/uploads\/2026\/04\/danielle-comer-jZ99NJJTJIE-unsplash-768x512.jpg 768w, https:\/\/kraftwege.de\/wp-content\/uploads\/2026\/04\/danielle-comer-jZ99NJJTJIE-unsplash-1536x1024.jpg 1536w, https:\/\/kraftwege.de\/wp-content\/uploads\/2026\/04\/danielle-comer-jZ99NJJTJIE-unsplash-2048x1365.jpg 2048w\" sizes=\"auto, (max-width: 2560px) 100vw, 2560px\" \/><\/figure>\n<\/div>\n\n\n\n<div class=\"wp-block-column is-layout-flow wp-block-column-is-layout-flow\" style=\"flex-basis:40%\">\n<h2 class=\"wp-block-heading\">Mein Angebot<\/h2>\n\n\n\n<ol class=\"wp-block-list\">\n<li>Erstgespr\u00e4ch und Zielkl\u00e4rung<\/li>\n\n\n\n<li>Analyse von Beziehungen, Dynamiken und Belastungen<\/li>\n\n\n\n<li>Sichtbarmachen von Ressourcen und bisherigen St\u00e4rken<\/li>\n\n\n\n<li>Entwicklung von Strategien und n\u00e4chsten Schritten<\/li>\n\n\n\n<li>Begleitung im Umgang mit emotionalen Ausl\u00f6sern<\/li>\n\n\n\n<li>auf Wunsch Stabilisierung und nachhaltige Integration<\/li>\n<\/ol>\n<\/div>\n<\/div>\n<\/div>\n","protected":false},"excerpt":{"rendered":"<p>Ich begleite Menschen in herausfordernden Lebenssituationen mit einer systemischen und k\u00f6rperbezogenen Haltung. Mein Anliegen ist es, R\u00e4ume zu schaffen, in denen Entwicklung m\u00f6glich wird \u2013 ruhig, wertsch\u00e4tzend und ohne Druck. Mit Kraftwege verbinde ich meine Erfahrung aus der systemischen Beratung mit meinem Interesse an k\u00f6rperorientierter Traumaarbeit und der Frage, wie Selbstregulation im Alltag konkret unterst\u00fctzt [&hellip;]<\/p>\n","protected":false},"author":3,"featured_media":0,"parent":0,"menu_order":0,"comment_status":"closed","ping_status":"closed","template":"","meta":{"footnotes":""},"class_list":["post-6","page","type-page","status-publish","hentry"],"_links":{"self":[{"href":"https:\/\/kraftwege.de\/index.php?rest_route=\/wp\/v2\/pages\/6","targetHints":{"allow":["GET"]}}],"collection":[{"href":"https:\/\/kraftwege.de\/index.php?rest_route=\/wp\/v2\/pages"}],"about":[{"href":"https:\/\/kraftwege.de\/index.php?rest_route=\/wp\/v2\/types\/page"}],"author":[{"embeddable":true,"href":"https:\/\/kraftwege.de\/index.php?rest_route=\/wp\/v2\/users\/3"}],"replies":[{"embeddable":true,"href":"https:\/\/kraftwege.de\/index.php?rest_route=%2Fwp%2Fv2%2Fcomments&post=6"}],"version-history":[{"count":10,"href":"https:\/\/kraftwege.de\/index.php?rest_route=\/wp\/v2\/pages\/6\/revisions"}],"predecessor-version":[{"id":145,"href":"https:\/\/kraftwege.de\/index.php?rest_route=\/wp\/v2\/pages\/6\/revisions\/145"}],"wp:attachment":[{"href":"https:\/\/kraftwege.de\/index.php?rest_route=%2Fwp%2Fv2%2Fmedia&parent=6"}],"curies":[{"name":"wp","href":"https:\/\/api.w.org\/{rel}","templated":true}]}}

Über Mich

<div class="wp-block-group alignfull has-accent-background-color has-background has-global-padding is-layout-constrained wp-container-core-group-is-layout-669513ed wp-block-group-is-layout-constrained" style="margin-top:0;margin-bottom:0;padding-top:var(--wp--preset--spacing--50);padding-right:var(--wp--preset--spacing--50);padding-bottom:var(--wp--preset--spacing--50);padding-left:var(--wp--preset--spacing--50)">
<div class="wp-block-columns alignwide is-layout-flex wp-container-core-columns-is-layout-1da03c2a wp-block-columns-is-layout-flex">
<div class="wp-block-column is-vertically-aligned-stretch is-layout-flow wp-block-column-is-layout-flow" style="flex-basis:50%">
<div class="wp-block-group is-vertical is-content-justification-stretch is-layout-flex wp-container-core-group-is-layout-444d5ee8 wp-block-group-is-layout-flex" style="min-height:100%">
<p class="has-heading-font-family has-x-large-font-size" style="line-height:1.2">Ich begleite Menschen in herausfordernden Lebenssituationen mit einer systemischen und körperbezogenen Haltung.</p>



<div class="wp-block-group has-global-padding is-content-justification-left is-layout-constrained wp-container-core-group-is-layout-9fe8ed88 wp-block-group-is-layout-constrained">
<p class="wp-container-content-0733e5d0">Mein Anliegen ist es, Räume zu schaffen, in denen Entwicklung möglich wird – ruhig, wertschätzend und ohne Druck.</p>



<p class="wp-container-content-0733e5d0">Mit Kraftwege verbinde ich meine Erfahrung aus der systemischen Beratung mit meinem Interesse an körperorientierter Traumaarbeit und der Frage, wie Selbstregulation im Alltag konkret unterstützt werden kann.</p>



<div class="wp-block-buttons is-layout-flex wp-block-buttons-is-layout-flex">
<div class="wp-block-button"><a class="wp-block-button__link wp-element-button" href="mailto:info@kraftwege.de">Kontakt</a></div>
</div>
</div>
</div>
</div>



<div class="wp-block-column is-vertically-aligned-center is-layout-flow wp-block-column-is-layout-flow" style="flex-basis:50%">
<figure class="wp-block-image size-full is-style-rounded is-style-rounded--1"><img loading="lazy" decoding="async" width="1086" height="1448" src="https://kraftwege.de/wp-content/uploads/2026/04/7B788AB8-FFE5-44DA-B765-EE20C594BE0E.png" alt="" class="wp-image-104" style="aspect-ratio:3/4;object-fit:cover"/></figure>
</div>
</div>
</div>



<div class="wp-block-group alignfull has-base-background-color has-background has-global-padding is-layout-constrained wp-container-core-group-is-layout-d89aad35 wp-block-group-is-layout-constrained" style="margin-top:0;margin-bottom:0;padding-top:var(--wp--preset--spacing--50);padding-right:var(--wp--preset--spacing--50);padding-bottom:var(--wp--preset--spacing--50);padding-left:var(--wp--preset--spacing--50)">
<div class="wp-block-columns alignwide is-layout-flex wp-container-core-columns-is-layout-549b0c86 wp-block-columns-is-layout-flex">
<div class="wp-block-column has-global-padding is-content-justification-left is-layout-constrained wp-container-core-column-is-layout-4f15e8fe wp-block-column-is-layout-constrained" style="flex-basis:40%">
<p class="has-heading-font-family has-x-large-font-size" style="line-height:1.2">Mein Hintergrund</p>



<p>Wissenschaftshistorikerin (Studiengang Geschichte der Naturwissenschaften und Technik/Kunstgeschichte an der Universität Stuttgart)</p>



<p>Zertifikat: Trauma und Traumafolgestörungen von der Fernakademie für Pädagogik und Sozialberufe</p>



<p>Somatic Experiencing Intro</p>



<p>In Ausbildung zur Heilpraktikerin für Psychotherapie</p>



<p>Anschließende Ausbildung zum Somatic Experiencing Practitioner (körperorientierte Traumatherapie)</p>
</div>



<div class="wp-block-column is-layout-flow wp-container-core-column-is-layout-119bc444 wp-block-column-is-layout-flow" style="flex-basis:60%">
<p class="has-heading-font-family has-x-large-font-size" style="line-height:1.2">Meine Haltung</p>



<div class="wp-block-columns is-layout-flex wp-container-core-columns-is-layout-87beb0d0 wp-block-columns-is-layout-flex">
<div class="wp-block-column is-layout-flow wp-block-column-is-layout-flow">
<p class="wp-container-content-9cfa9a5a">Ich arbeite aus der Überzeugung heraus, dass Menschen die Lösung für ihr Thema nicht von außen „bekommen“ müssen, sondern sie bereits in sich tragen. Manchmal braucht es Begleitung, Struktur, einen Perspektivwechsel oder einen Impuls, um wieder Zugang dazu zu finden.</p>
</div>



<div class="wp-block-column is-layout-flow wp-block-column-is-layout-flow">
<p>Dabei interessiert mich nicht nur das aktuelle Problem, sondern auch der bisherige Weg, die individuellen Bewältigungsstrategien und die Stärke, die oft gerade in schwierigen Lebensphasen sichtbar wird.</p>
</div>
</div>
</div>
</div>



<div class="wp-block-group alignfull has-global-padding is-layout-constrained wp-container-core-group-is-layout-669513ed wp-block-group-is-layout-constrained" style="margin-top:0;margin-bottom:0;padding-top:var(--wp--preset--spacing--50);padding-right:var(--wp--preset--spacing--50);padding-bottom:var(--wp--preset--spacing--50);padding-left:var(--wp--preset--spacing--50)">
<div class="wp-block-group is-vertical is-content-justification-center is-layout-flex wp-container-core-group-is-layout-ce155fab wp-block-group-is-layout-flex">
<h2 class="wp-block-heading has-text-align-center has-xx-large-font-size">Warum ich Kraftwege gegründet habe</h2>



<p class="has-text-align-center">Ich habe Kraftwege und den Barfußpfad aus der Überzeugung heraus entwickelt, dass Regulation, Körperwahrnehmung und Selbstwirksamkeit keine abstrakten Begriffe sein müssen, sondern konkret erfahrbar werden dürfen.</p>



<p class="has-text-align-center">Mein Wunsch ist es, Menschen eine Form der Unterstützung anzubieten, die sowohl im Gespräch als auch über den Körper ansetzen kann – je nachdem, was im jeweiligen Moment hilfreich ist. Dies kann über die systemische Beratung, über den Barfußpfad oder über die Verbindung beider Wege geschehen.</p>
</div>
</div>
</div>



<div class="wp-block-group alignfull has-accent-5-background-color has-background has-global-padding is-layout-constrained wp-container-core-group-is-layout-d89aad35 wp-block-group-is-layout-constrained" style="margin-top:0;margin-bottom:0;padding-top:var(--wp--preset--spacing--50);padding-right:var(--wp--preset--spacing--50);padding-bottom:var(--wp--preset--spacing--50);padding-left:var(--wp--preset--spacing--50)">
<div class="wp-block-columns alignwide is-layout-flex wp-container-core-columns-is-layout-1da03c2a wp-block-columns-is-layout-flex">
<div class="wp-block-column is-vertically-aligned-center is-layout-flow wp-block-column-is-layout-flow" style="flex-basis:60%">
<figure class="wp-block-image size-full is-style-rounded wp-duotone-unset-3 is-style-rounded--2"><img loading="lazy" decoding="async" width="2560" height="1707" src="https://kraftwege.de/wp-content/uploads/2026/04/danielle-comer-jZ99NJJTJIE-unsplash-scaled.jpg" alt="" class="wp-image-125" style="aspect-ratio:4/3;object-fit:cover" srcset="https://kraftwege.de/wp-content/uploads/2026/04/danielle-comer-jZ99NJJTJIE-unsplash-scaled.jpg 2560w, https://kraftwege.de/wp-content/uploads/2026/04/danielle-comer-jZ99NJJTJIE-unsplash-300x200.jpg 300w, https://kraftwege.de/wp-content/uploads/2026/04/danielle-comer-jZ99NJJTJIE-unsplash-1024x683.jpg 1024w, https://kraftwege.de/wp-content/uploads/2026/04/danielle-comer-jZ99NJJTJIE-unsplash-768x512.jpg 768w, https://kraftwege.de/wp-content/uploads/2026/04/danielle-comer-jZ99NJJTJIE-unsplash-1536x1024.jpg 1536w, https://kraftwege.de/wp-content/uploads/2026/04/danielle-comer-jZ99NJJTJIE-unsplash-2048x1365.jpg 2048w" sizes="auto, (max-width: 2560px) 100vw, 2560px" /></figure>
</div>



<div class="wp-block-column is-layout-flow wp-block-column-is-layout-flow" style="flex-basis:40%">
<h2 class="wp-block-heading">Mein Angebot</h2>



<ol class="wp-block-list">
<li>Erstgespräch und Zielklärung</li>



<li>Analyse von Beziehungen, Dynamiken und Belastungen</li>



<li>Sichtbarmachen von Ressourcen und bisherigen Stärken</li>



<li>Entwicklung von Strategien und nächsten Schritten</li>



<li>Begleitung im Umgang mit emotionalen Auslösern</li>



<li>auf Wunsch Stabilisierung und nachhaltige Integration</li>
</ol>
</div>
</div>
</div>

<p>Ich begleite Menschen in herausfordernden Lebenssituationen mit einer systemischen und körperbezogenen Haltung. Mein Anliegen ist es, Räume zu schaffen, in denen Entwicklung möglich wird – ruhig, wertschätzend und ohne Druck. Mit Kraftwege verbinde ich meine Erfahrung aus der systemischen Beratung mit meinem Interesse an körperorientierter Traumaarbeit und der Frage, wie Selbstregulation im Alltag konkret unterstützt [&hellip;]</p>
