{"id":9,"date":"2024-11-12T00:01:24","date_gmt":"2024-11-11T23:01:24","guid":{"rendered":"https:\/\/kraftwege.de\/?page_id=9"},"modified":"2026-04-24T15:12:38","modified_gmt":"2026-04-24T13:12:38","slug":"produkte","status":"publish","type":"page","link":"https:\/\/kraftwege.de\/?page_id=9","title":{"rendered":"Der Barfu\u00dfpfad"},"content":{"rendered":"\n<div class=\"wp-block-group alignfull has-accent-background-color has-background has-global-padding is-layout-constrained wp-container-core-group-is-layout-669513ed wp-block-group-is-layout-constrained\" style=\"margin-top:0;margin-bottom:0;padding-top:var(--wp--preset--spacing--50);padding-right:var(--wp--preset--spacing--50);padding-bottom:var(--wp--preset--spacing--50);padding-left:var(--wp--preset--spacing--50)\">\n<div class=\"wp-block-columns alignwide is-layout-flex wp-container-core-columns-is-layout-1da03c2a wp-block-columns-is-layout-flex\">\n<div class=\"wp-block-column is-vertically-aligned-stretch is-layout-flow wp-block-column-is-layout-flow\" style=\"flex-basis:50%\">\n<div class=\"wp-block-group is-vertical is-content-justification-stretch is-layout-flex wp-container-core-group-is-layout-444d5ee8 wp-block-group-is-layout-flex\" style=\"min-height:100%\">\n<p class=\"has-heading-font-family has-x-large-font-size\" style=\"line-height:1.2\">Modularer Barfu\u00dfpfad im Innenbereich &#8211; entwickelt zur bewussten K\u00f6rperwahrnehmung, zur Stimulation der Fu\u00dfreflexzonen und zur Unterst\u00fctzung von Regulation, Erdung und Aktivierung im Alltag.<\/p>\n<\/div>\n<\/div>\n\n\n\n<div class=\"wp-block-column is-vertically-aligned-center is-layout-flow wp-block-column-is-layout-flow\" style=\"flex-basis:50%\">\n<figure class=\"wp-block-image size-large is-style-rounded is-style-rounded--1\"><img loading=\"lazy\" decoding=\"async\" width=\"768\" height=\"1024\" src=\"https:\/\/kraftwege.de\/wp-content\/uploads\/2026\/04\/IMG_1785-768x1024.jpeg\" alt=\"\" class=\"wp-image-86\" style=\"aspect-ratio:3\/4;object-fit:cover\" srcset=\"https:\/\/kraftwege.de\/wp-content\/uploads\/2026\/04\/IMG_1785-768x1024.jpeg 768w, https:\/\/kraftwege.de\/wp-content\/uploads\/2026\/04\/IMG_1785-225x300.jpeg 225w, https:\/\/kraftwege.de\/wp-content\/uploads\/2026\/04\/IMG_1785-1152x1536.jpeg 1152w, https:\/\/kraftwege.de\/wp-content\/uploads\/2026\/04\/IMG_1785-1536x2048.jpeg 1536w, https:\/\/kraftwege.de\/wp-content\/uploads\/2026\/04\/IMG_1785-scaled.jpeg 1920w\" sizes=\"auto, (max-width: 768px) 100vw, 768px\" \/><\/figure>\n<\/div>\n<\/div>\n<\/div>\n\n\n\n<div class=\"wp-block-group alignfull has-base-background-color has-background has-global-padding is-layout-constrained wp-container-core-group-is-layout-d89aad35 wp-block-group-is-layout-constrained\" style=\"margin-top:0;margin-bottom:0;padding-top:var(--wp--preset--spacing--50);padding-right:var(--wp--preset--spacing--50);padding-bottom:var(--wp--preset--spacing--50);padding-left:var(--wp--preset--spacing--50)\">\n<div class=\"wp-block-columns alignwide is-layout-flex wp-container-core-columns-is-layout-549b0c86 wp-block-columns-is-layout-flex\">\n<div class=\"wp-block-column has-global-padding is-content-justification-left is-layout-constrained wp-container-core-column-is-layout-4f15e8fe wp-block-column-is-layout-constrained\" style=\"flex-basis:40%\">\n<p>Ziel war es, eine Form der K\u00f6rperarbeit zu entwickeln, die niedrigschwellig, alltagstauglich und eigenst\u00e4ndig anwendbar ist.<\/p>\n<\/div>\n\n\n\n<div class=\"wp-block-column is-layout-flow wp-container-core-column-is-layout-119bc444 wp-block-column-is-layout-flow\" style=\"flex-basis:60%\">\n<p class=\"has-heading-font-family has-x-large-font-size\" style=\"line-height:1.2\"><strong>Was den Barfu\u00dfpfad besonders macht<\/strong><\/p>\n\n\n\n<div class=\"wp-block-columns is-layout-flex wp-container-core-columns-is-layout-87beb0d0 wp-block-columns-is-layout-flex\">\n<div class=\"wp-block-column is-layout-flow wp-block-column-is-layout-flow\">\n<p class=\"wp-container-content-9cfa9a5a\">Der Barfu\u00dfpfad besteht aus 7 bzw. 8 hexagonalen Holzplatten, die mit unterschiedlichen Naturmaterialien und \u2013 je nach Ausf\u00fchrung \u2013 Heilsteinen gef\u00fcllt sind. Als Tr\u00e4germedium wird Epoxidharz verwendet.<\/p>\n<\/div>\n\n\n\n<div class=\"wp-block-column is-layout-flow wp-block-column-is-layout-flow\">\n<p>Entstanden ist das Produkt aus der Verbindung von k\u00f6rperzentrierter Traumatherapie, aktuellen Erkenntnissen aus der Traumaforschung und der Besch\u00e4ftigung mit den positiven Wirkungen von Fu\u00dfreflexzonenstimulation auf K\u00f6rper und Psyche.<\/p>\n<\/div>\n<\/div>\n<\/div>\n<\/div>\n<\/div>\n\n\n\n<div class=\"wp-block-group alignfull has-accent-5-background-color has-background has-global-padding is-layout-constrained wp-container-core-group-is-layout-d89aad35 wp-block-group-is-layout-constrained\" style=\"margin-top:0;margin-bottom:0;padding-top:var(--wp--preset--spacing--50);padding-right:var(--wp--preset--spacing--50);padding-bottom:var(--wp--preset--spacing--50);padding-left:var(--wp--preset--spacing--50)\">\n<div class=\"wp-block-columns alignwide is-layout-flex wp-container-core-columns-is-layout-1da03c2a wp-block-columns-is-layout-flex\">\n<div class=\"wp-block-column is-vertically-aligned-center is-layout-flow wp-block-column-is-layout-flow\" style=\"flex-basis:60%\">\n<figure class=\"wp-block-image size-full is-style-rounded wp-duotone-unset-3 is-style-rounded--2\"><img decoding=\"async\" src=\"https:\/\/kraftwege.de\/wp-content\/uploads\/2026\/04\/IMG_9932.heic\" alt=\"\" class=\"wp-image-100\" style=\"aspect-ratio:4\/3;object-fit:cover\"\/><\/figure>\n<\/div>\n\n\n\n<div class=\"wp-block-column is-layout-flow wp-block-column-is-layout-flow\" style=\"flex-basis:40%\">\n<h2 class=\"wp-block-heading\"><strong>Der Kinderpfad<\/strong><\/h2>\n\n\n\n<p>Der Kinderpfad wurde urspr\u00fcnglich f\u00fcr Kinder entwickelt, die sich in schwierigen emotionalen Zust\u00e4nden befinden oder psychosomatische Symptome zeigen. Dazu k\u00f6nnen zum Beispiel Nervosit\u00e4t, Unsicherheit, Aggressivit\u00e4t, Schlafst\u00f6rungen oder Haltungsauff\u00e4lligkeiten geh\u00f6ren.<\/p>\n\n\n\n<p>Besonders sinnvoll ist der Einsatz an Orten, die f\u00fcr Kinder mit erh\u00f6hter Anspannung verbunden sind, zum Beispiel in Schulen, Kinderg\u00e4rten, Wohngruppen, Familienzentren, Wartebereichen von Arztpraxen oder Kinderkliniken sowie in Pflege-, Hilfe- und Rehabilitationseinrichtungen.<\/p>\n\n\n\n<p>Dort kann der Barfu\u00dfpfad Kinder dabei unterst\u00fctzen, ihr Nervensystem spielerisch zu regulieren, sich besser zu sp\u00fcren und herausfordernde Situationen leichter zu integrieren.<\/p>\n<\/div>\n<\/div>\n<\/div>\n\n\n\n<div class=\"wp-block-group alignfull has-global-padding is-layout-constrained wp-container-core-group-is-layout-d89aad35 wp-block-group-is-layout-constrained\" style=\"margin-top:0;margin-bottom:0;padding-top:var(--wp--preset--spacing--50);padding-right:var(--wp--preset--spacing--50);padding-bottom:var(--wp--preset--spacing--50);padding-left:var(--wp--preset--spacing--50)\">\n<div class=\"wp-block-columns alignwide are-vertically-aligned-center is-layout-flex wp-container-core-columns-is-layout-47c06fe3 wp-block-columns-is-layout-flex\">\n<div class=\"wp-block-column is-vertically-aligned-center is-layout-flow wp-block-column-is-layout-flow\" style=\"flex-basis:50%\">\n<h2 class=\"wp-block-heading\"><strong>Der Heilstein-Barfu\u00dfpfad f\u00fcr Erwachsene<\/strong><\/h2>\n\n\n\n<p class=\"is-style-checkmark-list\">W\u00e4hrend der Entwicklung und Anwendung des Kinderpfads wurde deutlich, dass der Barfu\u00dfpfad auch f\u00fcr Erwachsene eine sp\u00fcrbare Unterst\u00fctzung sein kann. In der Anwendung am Abend wurden unter anderem eine angenehmere Durchblutung der unteren Extremit\u00e4ten, ein leichteres Ein- und Durchschlafen sowie eine Entlastung nach einem reizintensiven Tag wahrgenommen.<\/p>\n\n\n\n<p>F\u00fcr die Bed\u00fcrfnisse erwachsener Anwenderinnen wurde ein 7-teiliger Pfad entwickelt, in den Heilsteine entsprechend den sieben Energiezentren des K\u00f6rpers eingearbeitet werden. Zus\u00e4tzlich wird Gold in das Tr\u00e4germedium eingearbeitet, um eine durchgehende Erdung zu unterst\u00fctzen.<\/p>\n\n\n\n<p>Dieser Pfad wird auf Anfrage und in begrenzter St\u00fcckzahl gefertigt.<\/p>\n<\/div>\n\n\n\n<div class=\"wp-block-column is-vertically-aligned-center is-layout-flow wp-block-column-is-layout-flow\" style=\"flex-basis:50%\">\n<figure class=\"wp-block-image size-full is-style-rounded is-style-rounded--4\"><img loading=\"lazy\" decoding=\"async\" width=\"1920\" height=\"2560\" src=\"https:\/\/kraftwege.de\/wp-content\/uploads\/2026\/04\/IMG_9575-scaled.jpeg\" alt=\"\" class=\"wp-image-97\" style=\"aspect-ratio:4\/3;object-fit:cover\" srcset=\"https:\/\/kraftwege.de\/wp-content\/uploads\/2026\/04\/IMG_9575-scaled.jpeg 1920w, https:\/\/kraftwege.de\/wp-content\/uploads\/2026\/04\/IMG_9575-225x300.jpeg 225w, https:\/\/kraftwege.de\/wp-content\/uploads\/2026\/04\/IMG_9575-768x1024.jpeg 768w, https:\/\/kraftwege.de\/wp-content\/uploads\/2026\/04\/IMG_9575-1152x1536.jpeg 1152w, https:\/\/kraftwege.de\/wp-content\/uploads\/2026\/04\/IMG_9575-1536x2048.jpeg 1536w\" sizes=\"auto, (max-width: 1920px) 100vw, 1920px\" \/><\/figure>\n<\/div>\n<\/div>\n<\/div>\n\n\n\n<div class=\"wp-block-group alignfull has-accent-5-background-color has-background has-global-padding is-layout-constrained wp-container-core-group-is-layout-d89aad35 wp-block-group-is-layout-constrained\" style=\"margin-top:0;margin-bottom:0;padding-top:var(--wp--preset--spacing--50);padding-right:var(--wp--preset--spacing--50);padding-bottom:var(--wp--preset--spacing--50);padding-left:var(--wp--preset--spacing--50)\">\n<div class=\"wp-block-columns alignwide is-layout-flex wp-container-core-columns-is-layout-1da03c2a wp-block-columns-is-layout-flex\">\n<div class=\"wp-block-column is-vertically-aligned-center is-layout-flow wp-block-column-is-layout-flow\" style=\"flex-basis:60%\">\n<figure class=\"wp-block-image size-full is-style-rounded wp-duotone-duotone-1 is-style-rounded--5\"><img loading=\"lazy\" decoding=\"async\" width=\"1920\" height=\"2560\" src=\"https:\/\/kraftwege.de\/wp-content\/uploads\/2026\/04\/IMG_9577-scaled.jpeg\" alt=\"\" class=\"wp-image-98\" style=\"aspect-ratio:4\/3;object-fit:cover\" srcset=\"https:\/\/kraftwege.de\/wp-content\/uploads\/2026\/04\/IMG_9577-scaled.jpeg 1920w, https:\/\/kraftwege.de\/wp-content\/uploads\/2026\/04\/IMG_9577-225x300.jpeg 225w, https:\/\/kraftwege.de\/wp-content\/uploads\/2026\/04\/IMG_9577-768x1024.jpeg 768w, https:\/\/kraftwege.de\/wp-content\/uploads\/2026\/04\/IMG_9577-1152x1536.jpeg 1152w, https:\/\/kraftwege.de\/wp-content\/uploads\/2026\/04\/IMG_9577-1536x2048.jpeg 1536w\" sizes=\"auto, (max-width: 1920px) 100vw, 1920px\" \/><\/figure>\n<\/div>\n\n\n\n<div class=\"wp-block-column is-layout-flow wp-block-column-is-layout-flow\" style=\"flex-basis:40%\">\n<h2 class=\"wp-block-heading\"><strong>Wirkweise<\/strong><\/h2>\n\n\n\n<ul class=\"wp-block-list\">\n<li><strong>Stimulation der Fu\u00dfreflexzonen<\/strong><\/li>\n\n\n\n<li><strong>Unterst\u00fctzung von K\u00f6rperwahrnehmung und Selbstregulation<\/strong><\/li>\n\n\n\n<li><strong>alltagstaugliche, eigenst\u00e4ndige Anwendung<\/strong><\/li>\n\n\n\n<li><strong>spielerischer Zugang f\u00fcr Kinder<\/strong><\/li>\n\n\n\n<li><strong>beruhigende oder aktivierende Impulse \u2013 je nach individuellem Bed\u00fcrfnis<\/strong><\/li>\n<\/ul>\n\n\n\n<p>Durch die regelm\u00e4\u00dfige Anwendung kann das jeweilige Nervensystem je nach pers\u00f6nlicher Situation stimuliert oder reguliert werden. Der Barfu\u00dfpfad l\u00e4dt dazu ein, den eigenen K\u00f6rper bewusster wahrzunehmen und auf niederschwellige Weise mit ihm in Kontakt zu kommen.<\/p>\n<\/div>\n<\/div>\n<\/div>\n\n\n\n<div class=\"wp-block-group alignfull has-global-padding is-layout-constrained wp-container-core-group-is-layout-490fa1db wp-block-group-is-layout-constrained\" style=\"padding-top:var(--wp--preset--spacing--50);padding-right:var(--wp--preset--spacing--50);padding-bottom:var(--wp--preset--spacing--50);padding-left:var(--wp--preset--spacing--50)\">\n<div class=\"wp-block-group has-global-padding is-layout-constrained wp-container-core-group-is-layout-650790e1 wp-block-group-is-layout-constrained\">\n<h1 class=\"wp-block-heading has-text-align-center has-x-large-font-size\"><strong>Interesse am Barfu\u00dfpfad?<\/strong><\/h1>\n\n\n\n<div style=\"height:1.25rem\" aria-hidden=\"true\" class=\"wp-block-spacer\"><\/div>\n\n\n\n<p class=\"has-text-align-center\">Wenn du mehr \u00fcber die Einsatzm\u00f6glichkeiten, die Ausf\u00fchrungen oder eine individuelle Anfrage erfahren m\u00f6chtest, freue ich mich \u00fcber deine Nachricht.<\/p>\n\n\n\n<div style=\"height:1.25rem\" aria-hidden=\"true\" class=\"wp-block-spacer\"><\/div>\n\n\n\n<div class=\"wp-block-buttons is-content-justification-center is-layout-flex wp-container-core-buttons-is-layout-a89b3969 wp-block-buttons-is-layout-flex\">\n<div class=\"wp-block-button\"><a class=\"wp-block-button__link wp-element-button\" href=\"mailto:info@kraftwege.de\">Jetzt anfragen<\/a><\/div>\n<\/div>\n<\/div>\n<\/div>\n","protected":false},"excerpt":{"rendered":"<p>Modularer Barfu\u00dfpfad im Innenbereich &#8211; entwickelt zur bewussten K\u00f6rperwahrnehmung, zur Stimulation der Fu\u00dfreflexzonen und zur Unterst\u00fctzung von Regulation, Erdung und Aktivierung im Alltag. Ziel war es, eine Form der K\u00f6rperarbeit zu entwickeln, die niedrigschwellig, alltagstauglich und eigenst\u00e4ndig anwendbar ist. Was den Barfu\u00dfpfad besonders macht Der Barfu\u00dfpfad besteht aus 7 bzw. 8 hexagonalen Holzplatten, die mit [&hellip;]<\/p>\n","protected":false},"author":3,"featured_media":0,"parent":0,"menu_order":0,"comment_status":"closed","ping_status":"closed","template":"","meta":{"footnotes":""},"class_list":["post-9","page","type-page","status-publish","hentry"],"_links":{"self":[{"href":"https:\/\/kraftwege.de\/index.php?rest_route=\/wp\/v2\/pages\/9","targetHints":{"allow":["GET"]}}],"collection":[{"href":"https:\/\/kraftwege.de\/index.php?rest_route=\/wp\/v2\/pages"}],"about":[{"href":"https:\/\/kraftwege.de\/index.php?rest_route=\/wp\/v2\/types\/page"}],"author":[{"embeddable":true,"href":"https:\/\/kraftwege.de\/index.php?rest_route=\/wp\/v2\/users\/3"}],"replies":[{"embeddable":true,"href":"https:\/\/kraftwege.de\/index.php?rest_route=%2Fwp%2Fv2%2Fcomments&post=9"}],"version-history":[{"count":12,"href":"https:\/\/kraftwege.de\/index.php?rest_route=\/wp\/v2\/pages\/9\/revisions"}],"predecessor-version":[{"id":103,"href":"https:\/\/kraftwege.de\/index.php?rest_route=\/wp\/v2\/pages\/9\/revisions\/103"}],"wp:attachment":[{"href":"https:\/\/kraftwege.de\/index.php?rest_route=%2Fwp%2Fv2%2Fmedia&parent=9"}],"curies":[{"name":"wp","href":"https:\/\/api.w.org\/{rel}","templated":true}]}}